. Determine a(-9).
13
Let w(j) = j**2 - 93. Give w(0).
-93
Let p(k) = -22*k - 19. Determine p(-5).
91
Let j(c) = -c**2 - 11*c - 19. Give j(-9).
-1
Let n(p) = 2*p**2 + 3*p + 2. Give n(2).
16
Let y(i) = -i**3 - 4*i**2 + 2*i + 3. Calculate y(-3).
-12
Let b(s) = -2*s**2 - 43*s + 128. Calculate b(-24).
8
Let g(y) = 2*y**2 - 2*y + 4. Calculate g(5).
44
Let y(f) = -f**3 - 23*f**2 + f + 15. What is y(-23)?
-8
Let m(b) = -b**3 + 10*b**2 - 7*b + 2. Determine m(9).
20
Let h(b) = b**3 + 9*b**2 - b - 11. Give h(-9).
-2
Let d(f) = -f**3 + 2*f**2. Determine d(2).
0
Let t(u) = 27*u + 90. Give t(-4).
-18
Let a(v) = v**3 - 16*v**2 + 61*v + 28. Calculate a(9).
10
Let q(r) = -2*r**3 - 9*r**2 - 9*r - 7. Calculate q(-4).
13
Let i(f) = 3*f + 9. Calculate i(2).
15
Let t(w) = 2*w**2 + 26*w + 40. Determine t(-11).
-4
Let o(u) = 3*u**2 + 21*u - 3. Give o(-5).
-33
Let t(g) = g**3 - 37*g**2 - 76*g - 75. What is t(39)?
3
Let p(j) = j - 2. Determine p(-4).
-6
Let y(d) = 2*d**2 + 23*d + 6. Determine y(-10).
-24
Let h(l) = l**2 + 23. Determine h(0).
23
Let c(x) = 3*x**3 - 64*x**2 - 42*x - 40. What is c(22)?
4
Let a(b) = -b - 4. Give a(-5).
1
Let m(z) = -z**3 - 9*z**2 - 11*z - 4. Determine m(-7).
-25
Let d(k) = 28*k - 1254. Give d(45).
6
Let u(x) = -8*x**2 + 9*x - 14. Determine u(4).
-106
Let b(l) = 2*l**3 + 8*l**2 + l + 13. What is b(-4)?
9
Let w(b) = b**2 + 13*b - 17. Determine w(-15).
13
Let c(n) = n**3 + 3*n**2 + 5*n + 6. What is c(-3)?
-9
Let g(k) = -9*k + 15. Calculate g(-13).
132
Let o(h) = -h**2 - 5*h + 4. Determine o(-6).
-2
Let p(i) = -i - 12. Determine p(-16).
4
Let c(u) = 8*u + 25. Determine c(-13).
-79
Let s(a) = 6*a**2 - 10*a + 3. Calculate s(2).
7
Let x(v) = 2*v**3 - 17*v**2 - 11*v + 21. Determine x(9).
3
Let a(z) = -7*z**3 + z**2 + 3*z + 1. What is a(-1)?
6
Let w(r) = -2*r**2 - 42*r + 3. Calculate w(-20).
43
Let c(w) = 5*w - 14. What is c(6)?
16
Let a(i) = i + 6. Determine a(-10).
-4
Let h(k) = -5*k**2 + 7*k - 2. Give h(-2).
-36
Let o(l) = -l**3 + 10*l**2 - 14*l - 18. Calculate o(8).
-2
Let y(q) = -10*q - 1. Determine y(2).
-21
Let l(o) = -7*o - 22. Give l(-11).
55
Let m(x) = 2*x**2 + 3*x - 4. Give m(2).
10
Let s(v) = v**2 + 12*v + 17. Calculate s(-11).
6
Let g(v) = -v**2 + 10*v + 10. Calculate g(10).
10
Let z(r) = 2*r**2 - 4*r - 5. What is z(5)?
25
Let a(f) = -40*f**2 + f + 1. Give a(-1).
-40
Let k(c) = 12*c - 84. Determine k(9).
24
Let w(y) = y**2 - 5*y - 44. Determine w(11).
22
Let y(w) = -w**2 - 7*w - 12. What is y(-6)?
-6
Let q(t) = t**3 - 28*t**2 - 27*t - 63. Determine q(29).
-5
Let b(m) = -m**2 - 4*m + 48. Calculate b(5).
3
Let y(w) = 9*w - 51. Determine y(6).
3
Let t(h) = h**3 + 16*h**2 - 19*h + 41. Give t(-17).
75
Let v(i) = -13*i + 111. Calculate v(9).
-6
Let x(j) = -4*j - 5. What is x(-3)?
7
Let c(x) = -2*x - 37. Give c(-18).
-1
Let b(p) = 3*p - 45. Give b(17).
6
Let z(u) = -u**2 + 6*u - 19. Calculate z(6).
-19
Let f(m) = -m**3 - 4*m**2 + 5*m + 2. What is f(-5)?
2
Let r(v) = 37*v**3 - v + 1. Determine r(1).
37
Let r(i) = -i**2 - 9*i - 4. Determine r(-6).
14
Let k(b) = -b**3 - 7*b**2 + b + 8. What is k(-7)?
1
Let m(s) = -s**2 + 13*s - 38. Calculate m(9).
-2
Let m(x) = -x**3 + 20*x**2 + 629*x + 1. Determine m(-17).
1
Let w(y) = 2*y**2 + y - 3. Determine w(3).
18
Let v(u) = -u**2 - 13*u. What is v(-7)?
42
Let y(d) = 2*d**3 + d**2 - 8*d - 4. What is y(-3)?
-25
Let f(z) = -26*z - 47. What is f(-2)?
5
Let f(d) = -7*d + 4. Give f(7).
-45
Let g(v) = -3*v + 1. Calculate g(7).
-20
Let m(p) = -p**2 + 17*p - 19. Calculate m(16).
-3
Let v(w) = -3*w - 8. Give v(-4).
4
Let q(v) = v**3 + 5*v**2 + 3*v + 8. What is q(-5)?
-7
Let s(f) = f**3 - f**2 + 6. What is s(3)?
24
Let n(r) = -r + 8. Give n(7).
1
Let h(u) = -4*u**2 + 4*u + 2. Determine h(-1).
-6
Let j(s) = 2*s**2 + 3*s - 4. What is j(-3)?
5
Let a(g) = -g**2 - 3*g + 1. What is a(-4)?
-3
Let z(n) = 17*n + 3. Calculate z(4).
71
Let d(k) = 2*k**2 - 5*k + 9. What is d(-6)?
111
Let d(r) = -r**2 - 9*r - 12. Give d(-8).
-4
Let l(y) = -y + 21. Determine l(31).
-10
Let a(y) = 2*y**2 - 2*y + 3. Determine a(3).
15
Let k(a) = 20*a - 272. Give k(15).
28
Let c(i) = i**3 - 4*i**2 + 2*i - 3. Give c(3).
-6
Let z(l) = -3*l - 116. Determine z(-37).
-5
Let m(f) = 2*f + 16. Calculate m(-2).
12
Let u(v) = v - 10. Determine u(14).
4
Let z(r) = 3*r**3 + 22*r**2 - 45*r + 11. Calculate z(-9).
11
Let n(d) = -2*d**3 + 14*d**2 - 7*d + 15. Determine n(6).
45
Let o(g) = g**3 - 18*g**2 - 22*g - 364. Determine o(20).
-4
Let b(m) = m**3 + 29*m**2 + 52*m - 47. What is b(-27)?
7
Let q(l) = -l**2 + l + 26. Calculate q(5).
6
Let p(y) = -y**3 + 25*y**2 - 2*y + 48. What is p(25)?
-2
Let x(m) = -3*m**2 - 27*m + 2. Give x(-10).
-28
Let p(s) = s**3 - 14*s**2 + 45*s. Give p(5).
0
Let h(w) = w**3 + 6*w**2 - 72*w - 5. Give h(-12).
-5
Let m(f) = f**3 + 5*f**2 + 2*f + 6. Determine m(-5).
-4
Let i(n) = -n**3 + 3*n - 4. Determine i(3).
-22
Let b(r) = r**2 - 5*r - 8. Give b(6).
-2
Let v(s) = -2*s**3 + 2*s**2 + 4*s - 6. Give v(3).
-30
Let t(p) = -4*p - 28. Determine t(-4).
-12
Let x(o) = -o**2 + o + 267. Determine x(-16).
-5
Let v(m) = m**3 - 5*m**2 - 14*m - 8. Determine v(7).
-8
Let a(f) = f**2 - 15*f + 47. Determine a(11).
3
Let h(z) = -z - 9. Give h(-12).
3
Let v(u) = -u**3 - 12*u**2 - 26*u + 6. Give v(-9).
-3
Let l(j) = 2*j**3 - 9*j**2 + 12. What is l(3)?
-15
Let a(f) = -f**3 - 10*f**2 + f + 5. Give a(-10).
-5
Let a(d) = 4*d**3 + 2*d**2 - 4*d + 2. Determine a(2).
34
Let h(p) = p**3 - 6*p**2 + 6*p + 8. Determine h(4).
0
Let d(o) = -o**3 + 7*o**2 - 5*o - 2. What is d(6)?
4
Let f(k) = -4*k**2 - 2*k + 2. Give f(-3).
-28
Let c(f) = f**3 - 13*f**2 + 16*f - 5. What is c(12)?
43
Let l(k) = -82*k**2 - 4*k - 3. Calculate l(-1).
-81
Let i(d) = 2*d**3 - 7*d**2 + 4*d - 2. Calculate i(3).
1
Let q(c) = -8*c - 7. Give q(-5).
33
Let a(s) = 33*s - 496. Determine a(15).
-1
Let j(s) = -s**3 - 5*s**2 - 4*s - 5. What is j(-3)?
-11
Let t(h) = h**3 - 6*h**2 - 2*h + 11. Give t(6).
-1
Let a(u) = -9*u**3 - 5*u**2 - 3*u - 3. Give a(-2).
55
Let s(y) = -y**3 - 19*y**2 - 49*y - 5. Give s(-3).
-2
Let n(q) = -q**3 - 15*q**2 - 14*q - 11. Determine n(-14).
-11
Let i(n) = n + 43. Give i(-16).
27
Let r(g) = -2*g. Determine r(-12).
24
Let f(w) = w**3 - 9*w**2 + 11*w - 98. Give f(9).
1
Let n(c) = c**3 - 4*c**2 - 6*c + 3. Calculate n(5).
-2
Let j(q) = -q**3 - 5*q**2 + 3*q + 10. What is j(-4)?
-18
Let g(w) = w**2 + 32*w + 39. Calculate g(-19).
-208
Let g(z) = 7*z**3 + 2*z**2 + 4*z. Determine g(-2).
-56
Let i(j) = -j**2 + 11*j + 3. What is i(11)?
3
Let b(c) = -10*c - 10. Calculate b(-9).
80
Let h(b) = 3*b - 31. Determine h(11).
2
Let p(i) = 4*i**2 - 31*i - 10. What is p(8)?
-2
Let j(x) = -44*x + 250. Calculate j(6).
-14
Let j(v) = v**3 - v**2 - v + 8. Give j(0).
8
Let r(i) = -i**3 - 3*i**2 + 3*i - 4. Determine r(-4).
0
Let a(t) = -t**3 + 3*t**2 + 2*t + 3. Calculate a(4).
-5
Let r(p) = p**3 - 21*p**2 - p - 12. What is r(21)?
-33
Let z(u) = 2*u**2 - 42*u + 4. Give z(21).
4
Let f(c) = c**3 - 4*c**2 - 13*c + 32. What is f(6)?
26
Let o(h) = -6*h - 2. Give o(4).
-26
Let r(l) = -49*l**2 + 3*l + 5. What is r(-1)?
-47
Let l(q) = -4*q + 31. Determine l(9).
-5
Let d(l) = -l + 7. Calculate d(10).
-3
Let p(l) = l**2 - 25*l + 102. Calculate p(19).
-12
Let y(w) = 3*w + 2. What is y(6)?
20
Let h(y) = 2*y**3 - 12*y**2 + 2*y - 12. Determine h(6).
0
Let t(k) = -9*k - 57. Determine t(-8).
15
Let c(i) = -i**2 + 12*i + 248. What is c(-11)?
-5
Let n(g) = g**3 + 5*g**2 - 3*g - 11. What is n(-6)?
-29
Let d(u) = u**2 + 6*u - 8. What is d(-7)?
-1
Let n(r) = -r + 14. Determine n(22).
-8
Let b(v) = 3*v**3 + 32*v**2 - 9*v + 16. Determine b(-11).
-6
Let p(v) = v**3 - 4*v**2 - 18*v + 4. Determine p(7).
25
Let b(m) = m**3 + 8*m**2 - 8*m + 10. Calculate b(-9).
1
Let x(p) = -10*p - 13. What is x(-3)?
17
Let n(g) = -3*g + 106. Determine n(36).
-2
Let m(t) = -t**3 - 16*t**2 - 29*t - 29. Calculate m(-14).
-15
Let t(l) = -2*l**3 + 11*l**2 - 25*l + 45. Give t(4).
-7
Let z(a) = a**2 + 7*a + 3. What is z(-6)?
-3
Let h(c) = 15*c**2 - 3*c + 1. Calculate h(1).
13
Let k(i) = -i**3 - 7*i**2 + 10*i + 15. Calculate k(-8).
-1
Let j(y) = y**3 + 17*y**2 + 38*y + 16. Give j(-15).
-104
Let o(j) = -j**3 - 22*j**2 - 24*j - 49. Give o(-21).
14
Let p(a) = a**3 + 33*a**2 + 3*a + 106. Give p(-33).
7
Let r(l) = 5*l + 190. What is r(-35)?
15
Let q(a) = -2*a**